{"id":11,"date":"2014-02-08T19:51:22","date_gmt":"2014-02-08T17:51:22","guid":{"rendered":"http:\/\/www.paradigma-it.de\/wordpress\/?page_id=11"},"modified":"2014-02-21T22:50:04","modified_gmt":"2014-02-21T20:50:04","slug":"produkte","status":"publish","type":"page","link":"https:\/\/www.paradigma-it.de\/?page_id=11","title":{"rendered":"PRODUKTE"},"content":{"rendered":"\n<table id=\"tablepress-5\" class=\"tablepress tablepress-id-5\">\n<thead>\n<tr class=\"row-1 odd\">\n\t<th class=\"column-1\" style=\"width:22%;\"><font size=\"+1\"><b>PRODUKT<\/b><\/font><\/th><th class=\"column-2\" style=\"width:;\"><font size=\"+1\"><b>BESCHREIBUNG<\/b><\/font><\/th><th class=\"column-3\" style=\"width:24%;\"><font size=\"+1\"><b>HERSTELLER<\/b><\/font><\/th>\n<\/tr>\n<\/thead>\n<tbody class=\"row-hover\">\n<tr class=\"row-2 even\">\n\t<td class=\"column-1\"><a target=\"_blank\" href=\"https:\/\/www.drivelock.de\/\"><img src=\"http:\/\/www.paradigma-it.de\/wp-content\/uploads\/2017\/03\/DriveLock7-e1490951269277.jpg\" alt=\"\" width=\"219\" height=\"43\" class=\"alignleft size-full wp-image-141\" \/><\/a><br \/>\n<b>Software - Made <font color=\"#ff0000\"> in <\/font><font color=\"#ffcc00\"> Germany<\/font><\/b><\/td><td class=\"column-2\"><p style=\"text-align: justify;\">DriveLock erm\u00f6glicht die absolute Kontrolle auf Endger\u00e4ten dar\u00fcber, wer was an welchem Computer anschlie\u00dfen darf und welche Programme darauf laufen. Mit der Verschl\u00fcsselung bleiben die Daten auch dann vertraulich, wenn ein Laptop oder ein Speichermedium verloren geht. Antivirus sorgt f\u00fcr umfassenden Schutz vor Viren, Trojanern und Malware. Die Administration bietet extrem granulare M\u00f6glichkeiten im Regulieren von USB- und anderen Ger\u00e4ten sowie bei der Verschl\u00fcsselung von Festplatten (FDE) und von Daten der zentralen Dateiserver, der lokalen oder mobilen Datentr\u00e4gern (Dateiverschl\u00fcsselung).<\/p><\/td><td class=\"column-3\"><a  target=\"_blank\" href=\"http:\/\/www.centertools.de\"><img src=\"http:\/\/www.paradigma-it.de\/wp-content\/uploads\/2017\/03\/logo-e1490950509704.png\" alt=\"\" width=\"219\" height=\"49\" class=\"alignleft size-full wp-image-141\" \/><\/a><\/td>\n<\/tr>\n<tr class=\"row-3 odd\">\n\t<td class=\"column-1\"><a target=\"_blank\" href=\"http:\/\/www.eset.com\/de\/business\"><img src=\"http:\/\/www.paradigma-it.de\/wp-content\/uploads\/2014\/03\/card-ESET-Endpoint-Security-e1395085376764.png\" alt=\"\" width=\"219\" height=\"138\" class=\"alignleft size-full wp-image-141\" \/><\/a><\/td><td class=\"column-2\"><p style=\"text-align: justify;\">ESET Business Solutions ist modular aufgebaut und bietet Schutz in den Bereichen Antivirus, Antispyware, Anti-Rootkit, Antispam, Firewall und Medienkontrolle. UNd das bei geringen Systembelastung und Deinstallationsschutz. W\u00e4hlen Sie Ihren individuellen Sicherheits-Mix f\u00fcr Ihr Unternehmensnetzwerk. ESET Business Solutions gew\u00e4hrleistet Sicherheit auf allen Betriebssystemen (Windows, Mac, Linux) und l\u00e4sst Sie die zu sch\u00fctzenden Ger\u00e4te w\u00e4hlen: Computer, Laptops, Smartphones, File Server, Mail Server und Gateways.<\/p><\/td><td class=\"column-3\"><a  target=\"_blank\" href=\"http:\/\/www.eset.com\/de\/business\"><img src=\"http:\/\/www.paradigma-it.de\/wp-content\/uploads\/2014\/03\/Partnerlogo_Bronze-e1395084458505.png\" alt=\"\" width=\"219\" height=\"89\" class=\"alignleft size-full wp-image-141\" \/><\/a><\/td>\n<\/tr>\n<tr class=\"row-4 even\">\n\t<td class=\"column-1\"><a target=\"_blank\" href=\"http:\/\/www.ftsafe.com\/product\/otp\/\"><img src=\"http:\/\/www.paradigma-it.de\/wp-content\/uploads\/2014\/03\/Feitian_C100-e1394223110454.jpg\" alt=\"\" width=\"219\" height=\"142\" class=\"alignleft size-full wp-image-141\" \/><\/a><\/td><td class=\"column-2\"><p style=\"text-align: justify;\">Mit der OTP Token Serie C bietet Feitian eine umfassende Palette an Einmalpasswort Token an. Diese Token basieren auf dem OATH Algorithmus und k\u00f6nnen somit in praktisch jeder Umgebung eingesetzt werden. Unterst\u00fctzt werden das zeit- und eventbasierte OATH Verfahren sowie OATH Challenge\/Reponse.<\/p><\/td><td class=\"column-3\"><a  target=\"_blank\" href=\"http:\/\/www.ftsafe.com\"><img src=\"http:\/\/www.paradigma-it.de\/wp-content\/uploads\/2014\/03\/Feitian_Logo-e1394223083218.jpg\" alt=\"\" width=\"219\" height=\"140\" class=\"alignleft size-full wp-image-141\" \/><\/a><\/td>\n<\/tr>\n<tr class=\"row-5 odd\">\n\t<td class=\"column-1\"><a target=\"_blank\" href=\"http:\/\/www.safenet-inc.de\/strong-Authentication-single-sign-on-OTP\/\/\"><img src=\"http:\/\/www.paradigma-it.de\/wp-content\/uploads\/2014\/03\/eToken-e1394218148618.png\" alt=\"\" width=\"219\" height=\"170\" class=\"alignleft size-full wp-image-141\" \/><\/a><\/td><td class=\"column-2\"><p style=\"text-align: justify;\">SafeNets vielf\u00e4ltige L\u00f6sungen f\u00fcr eine starke Strong Authentisierung sorgen daf\u00fcr, dass nur berechtigte Personen auf die sensiblen Daten Ihres Unternehmens zugreifen k\u00f6nnen. So sch\u00fctzen Sie Ihre Daten, senken IT-Kosten und steigern die Produktivit\u00e4t Ihrer Mitarbeiter.<br \/>\n<br \/>\nProdukte im \u00dcberblick:<br \/>\nOTP-Authentifikatoren, Zertifikatbasierte Authentifikatoren, Zertifikatbasierte PKI-Smartcards, Zertifikatbasierte PKI-USB-Authentifikatoren, Hybridauthen-tifikatoren, Software-Authentifikatoren und Managementplattformen.<\/p><\/td><td class=\"column-3\"><a target=\"_blank\" href=\"http:\/\/www.safenet-inc.de\"><img src=\"http:\/\/www.paradigma-it.de\/wp-content\/uploads\/2014\/02\/SafeNet_Logo-e1393324223283.png\" alt=\"\" width=\"219\" height=\"88\" class=\"alignleft size-full wp-image-141\" \/><\/a><\/td>\n<\/tr>\n<tr class=\"row-6 even\">\n\t<td class=\"column-1\"><a target=\"_blank\" href=\"http:\/\/www.safenet-inc.de\/data-protection\/hardware-security-modules\/hsms-network-attached\"><img src=\"http:\/\/www.paradigma-it.de\/wp-content\/uploads\/2014\/03\/Luna_SA_HSM-e1394219669479.jpg\" alt=\"\" width=\"219\" height=\"89\" class=\"alignleft size-full wp-image-141\" \/><\/a><\/td><td class=\"column-2\"><p style=\"text-align: justify;\">SafeNets Hardware-Sicherheitsmodule (HSM) bieten einen zuverl\u00e4ssigen Schutz f\u00fcr Anwendungen, Transaktionen und Daten durch die Sicherung kryptografischer Keys. SafeNet HSMs sind die schnellste, sicherste und \u00e4u\u00dferst einfach zu integrierende L\u00f6sung f\u00fcr die Anwendungssicherheit in Unternehmen und Regierungsbeh\u00f6rden.<\/p><\/td><td class=\"column-3\"><a target=\"_blank\" href=\"http:\/\/www.safenet-inc.de\"><img src=\"http:\/\/www.paradigma-it.de\/wp-content\/uploads\/2014\/02\/SafeNet_Logo-e1393324223283.png\" alt=\"\" width=\"219\" height=\"88\" class=\"alignleft size-full wp-image-141\" \/><\/a><\/td>\n<\/tr>\n<tr class=\"row-7 odd\">\n\t<td class=\"column-1\"><a target=\"_blank\" href=\"http:\/\/www.smartdisplayer.com\/Event_OTP_P_List.htm\/\"><img src=\"http:\/\/www.paradigma-it.de\/wp-content\/uploads\/2014\/03\/SmartDisplayer_CARD-e1394225226651.jpg\" alt=\"\" width=\"219\" height=\"155\" class=\"alignleft size-full wp-image-141\" \/><\/a><\/td><td class=\"column-2\"><p style=\"text-align: justify;\">SmartDisplayer is a One Time Password (OTP) display cards, certified by VISA &amp; MasterCard. Specialize in integrating e-paper &amp; LCD display with System on Chip. We design ICs, display modules, circuits, firmware, assemble display panels &amp; modules, FPC, battery bonding, perso &amp; card lamination. We work with solution providers &amp; EMV card manufacturers in the multifactor authentication market.<\/p><\/td><td class=\"column-3\"><a target=\"_blank\" href=\"http:\/\/www.smartdisplayer.com\"><img src=\"http:\/\/www.paradigma-it.de\/wp-content\/uploads\/2014\/03\/SmartDisplayer_logo-e1394225446296.jpg\" alt=\"\" width=\"219\" height=\"62\" class=\"alignleft size-full wp-image-141\" \/><\/a><\/td>\n<\/tr>\n<tr class=\"row-8 even\">\n\t<td class=\"column-1\"><a target=\"_blank\" href=\"http:\/\/www.pc-loc.de\"><img src=\"http:\/\/www.paradigma-it.de\/wp-content\/uploads\/2014\/03\/PC-LOC-e1393865166431.jpg\" alt=\"\" width=\"219\" height=\"132\" class=\"alignleft size-full wp-image-141\" \/><\/a><br \/>\n<b>Made <font color=\"#ff0000\"> in <\/font><font color=\"#ffcc00\"> Germany<\/font><\/b><\/td><td class=\"column-2\"><p style=\"text-align: justify;\">PC-LOC\u00ae ist das erste ber\u00fchrungslose Sicherungssystem f\u00fcr PC und Notebook. Jeder Nutzer erh\u00e4lt einen individuellen programmierten elektronischen Schl\u00fcssel, der sich bequem mitf\u00fchren l\u00e4sst - als Schl\u00fcsselanh\u00e4nger oder als Namensschild. Dieser Schl\u00fcssel kommuniziert \u00fcber Funk und niederfrequente Signale mit einem \u00fcber USB angeschlossenen Lesemodul. Nach Erkennung der Berechtigung wird der Rechner zur Nutzung freigeschaltet: automatisch und hands-free.<\/p><\/td><td class=\"column-3\"><a target=\"_blank\" href=\"http:\/\/www.pc-loc.de\"><img src=\"http:\/\/www.paradigma-it.de\/wp-content\/uploads\/2014\/02\/TERRA_Logo_Original1-e1393444344250.jpg\" alt=\"\" width=\"219\" height=\"72\" class=\"alignleft size-full wp-image-141\" \/><\/a><\/td>\n<\/tr>\n<tr class=\"row-9 odd\">\n\t<td class=\"column-1\"><a target=\"_blank\" href=\"http:\/\/www.wortmann.de\/de-de\/contentlanding\/terraserver\/terra-server.aspx\"><img src=\"http:\/\/www.paradigma-it.de\/wp-content\/uploads\/2014\/02\/Serverstapel_mit_Standservern_2.jpg\" alt=\"\" width=\"219\" height=\"72\" class=\"alignleft size-full wp-image-141\" \/><\/a><br \/>\n<b>Made <font color=\"#ff0000\"> in <\/font><font color=\"#ffcc00\"> Germany<\/font><\/b><\/td><td class=\"column-2\"><p style=\"text-align: justify;\">Business-PCs und Server.<br \/>\n<br \/>\nNicht nur die gro\u00dfen Markteilnehmer k\u00f6nnen schnelle Grafikworkstations bauen, auch die Wortmann AG produziert spezielle Systeme f\u00fcr CAD und Videobearbeitung.<\/p><\/td><td class=\"column-3\"><a target=\"_blank\" href=\"http:\/\/www.wortmann.de\"><img src=\"http:\/\/www.paradigma-it.de\/wp-content\/uploads\/2014\/02\/Wortmann_Terra_Logo-e1393266762531.png\" alt=\"\" width=\"219\" height=\"106\" class=\"alignleft size-full wp-image-141\" \/><\/a><\/td>\n<\/tr>\n<tr class=\"row-10 even\">\n\t<td class=\"column-1\"><a target=\"_blank\" href=\"http:\/\/www.yubico.com\/about\/intro\/yubikey\/\"><img src=\"http:\/\/www.paradigma-it.de\/wp-content\/uploads\/2014\/02\/yubikey_NEO_finger-e1393242751365.jpg\" alt=\"\" width=\"219\" height=\"146\" class=\"alignleft size-full wp-image-141\" \/><\/a><\/td><td class=\"column-2\"><p style=\"text-align: justify;\">Die Firma Yubico bietet mit dem YubiKey eine L\u00f6sung zur OTP-basierten Zwei-Faktor-Authentifizierung an. Der YubiKey ist als reiner OTP-Token aber auch mit Unterst\u00fctzung von RFID oder NFC zu erhalten. Weiterhin bietet der Hersteller eine Hardware Security Module (HSM) zur sicheren Speicherung von Schl\u00fcsselmaterial an.<\/p><\/td><td class=\"column-3\"><a target=\"_blank\" href=\"http:\/\/www.yubico.com\"><img src=\"http:\/\/www.paradigma-it.de\/wp-content\/uploads\/2014\/02\/Yubico-Logo-Small-e1393242675270.png\" alt=\"\" width=\"219\" height=\"62\" class=\"alignleft size-full wp-image-141\" \/><\/a><\/td>\n<\/tr>\n<\/tbody>\n<\/table>\n<!-- #tablepress-5 from cache -->\n","protected":false},"excerpt":{"rendered":"","protected":false},"author":1,"featured_media":0,"parent":0,"menu_order":3,"comment_status":"closed","ping_status":"closed","template":"page-templates\/full-width.php","meta":[],"_links":{"self":[{"href":"https:\/\/www.paradigma-it.de\/index.php?rest_route=\/wp\/v2\/pages\/11"}],"collection":[{"href":"https:\/\/www.paradigma-it.de\/index.php?rest_route=\/wp\/v2\/pages"}],"about":[{"href":"https:\/\/www.paradigma-it.de\/index.php?rest_route=\/wp\/v2\/types\/page"}],"author":[{"embeddable":true,"href":"https:\/\/www.paradigma-it.de\/index.php?rest_route=\/wp\/v2\/users\/1"}],"replies":[{"embeddable":true,"href":"https:\/\/www.paradigma-it.de\/index.php?rest_route=%2Fwp%2Fv2%2Fcomments&post=11"}],"version-history":[{"count":6,"href":"https:\/\/www.paradigma-it.de\/index.php?rest_route=\/wp\/v2\/pages\/11\/revisions"}],"predecessor-version":[{"id":334,"href":"https:\/\/www.paradigma-it.de\/index.php?rest_route=\/wp\/v2\/pages\/11\/revisions\/334"}],"wp:attachment":[{"href":"https:\/\/www.paradigma-it.de\/index.php?rest_route=%2Fwp%2Fv2%2Fmedia&parent=11"}],"curies":[{"name":"wp","href":"https:\/\/api.w.org\/{rel}","templated":true}]}}